{"id":127,"date":"2022-02-02T18:20:32","date_gmt":"2022-02-02T18:20:32","guid":{"rendered":"https:\/\/organizacion.corape.org.ec\/?page_id=127"},"modified":"2022-03-04T21:49:01","modified_gmt":"2022-03-04T21:49:01","slug":"quienes-somos","status":"publish","type":"page","link":"https:\/\/organizacion.corape.org.ec\/index.php\/quienes-somos\/","title":{"rendered":"Qui\u00e9nes Somos"},"content":{"rendered":"<div class=\"wpb-content-wrapper\"><p>[vc_row][vc_column]<div class=\"ult-spacer spacer-69f3f59bd89bb\" data-id=\"69f3f59bd89bb\" data-height=\"100\" data-height-mobile=\"100\" data-height-tab=\"100\" data-height-tab-portrait=\"\" data-height-mobile-landscape=\"\" style=\"clear:both;display:block;\"><\/div>[\/vc_column][\/vc_row][vc_row][vc_column]<div class=\"dt-fancy-separator h2-size title-color\" style=\"width: 100%;\"><div class=\"dt-fancy-title\"><span class=\"separator-holder separator-left\"><\/span>Qui\u00e9nes Somos<span class=\"separator-holder separator-right\"><\/span><\/div><\/div>[\/vc_column][\/vc_row][vc_row][vc_column][vc_tta_tour][vc_tta_section title=\u00bbQUI\u00c9NES SOMOS\u00bb tab_id=\u00bb1643827253906-21b2baa5-2633&#8243;][vc_column_text]<\/p>\n<p style=\"text-align: justify;\">La Coordinadora de Medios Comunitarios Populares y Educativos del Ecuador &#8211; CORAPE, agrupa a m\u00e1s de 100 medios entre afiliados y fraternos con quienes realiza alianzas estrat\u00e9gicas para fortalecer campa\u00f1as y\/o proyectos de comunicaci\u00f3n.<\/p>\n<p style=\"text-align: justify;\">Trabaja con programas educativos, informativos, sociales y creativos que le permite llegar a la comunidad de una manera cotidiana, familiar y con gran credibilidad, al priorizar temas de inter\u00e9s para la ciudadan\u00eda. Utiliza herramientas y formatos comunicacionales como cu\u00f1as, jingles, microprogramas, radio novelas, etc., que son visibilizadas en los distintos medios comunicaci\u00f3n, en diversos idiomas, de pueblos y nacionalidades.<\/p>\n<p>[\/vc_column_text][\/vc_tta_section][vc_tta_section title=\u00bbHISTORIA\u00bb tab_id=\u00bb1643827253919-9e9a4fbe-c363&#8243;][vc_row_inner][vc_column_inner width=\u00bb1\/3&#8243;][vc_single_image image=\u00bb560&#8243; img_size=\u00bbfull\u00bb][\/vc_column_inner][vc_column_inner width=\u00bb1\/3&#8243;][vc_single_image image=\u00bb561&#8243; img_size=\u00bbfull\u00bb][\/vc_column_inner][vc_column_inner width=\u00bb1\/3&#8243;][vc_single_image image=\u00bb562&#8243; img_size=\u00bbfull\u00bb][\/vc_column_inner][\/vc_row_inner][vc_column_text]<\/p>\n<p style=\"text-align: justify;\">La Coordinadora de Radio Popular Educativa del Ecuador (CORAPE), se establece de hecho el 4 de enero de 1990. Reconocida por el Ministerio de Educaci\u00f3n y Cultura a trav\u00e9s del Decreto Ministerial N\u00b0 1596 del 16 de abril de 1992, publicado en el Registro Oficial No 927 de 4 de mayo de 1992.<\/p>\n<p style=\"text-align: justify;\">CORAPE integra el concepto de \u201cmedios de comunicaci\u00f3n\u201d como todas las herramientas, mecanismos o instrumentos que permiten transmitir informaci\u00f3n de manera colectiva. Es decir, engloba a medios audiovisuales, radiof\u00f3nicos, impresos y digitales. En este sentido, cambia su denominaci\u00f3n a Coordinadora de Medios Comunitarios, Populares y Educativos del Ecuador, ampliando de manera formal su campo de acci\u00f3n hacia una integralidad de medios de comunicaci\u00f3n comunitaria y no solo en torno a las radios comunitarias.<\/p>\n<p style=\"text-align: justify;\">CORAPE desarrolla sus actividades centradas en la construcci\u00f3n y el fortalecimiento de medios de comunicaci\u00f3n alternativos, populares, ciudadanos, comunitarios a trav\u00e9s de un eje estrat\u00e9gico el trabajo en Red, que le permite fortalecer la diversidad en la unidad.<\/p>\n<p style=\"text-align: justify;\">Agrupa a medios de comunicaci\u00f3n y centros de producci\u00f3n comunitarios directamente vinculados a procesos de desarrollo social a nivel nacional. Cuenta con m\u00e1s de 100 medios entre afiliados y fraternos con quienes realiza alianzas estrat\u00e9gicas para fortalecer campa\u00f1as y\/o proyectos de comunicaci\u00f3n.<\/p>\n<p style=\"text-align: justify;\">La Coordinadora se ha mantenido como referente comunicativo a la hora de defender el pleno ejercicio de los derechos que promueven el acceso a informaci\u00f3n de relevancia p\u00fablica, promoviendo la democratizaci\u00f3n de la palabra y la promoci\u00f3n de la participaci\u00f3n con el fin de fortalecer los espacios comunicativos de los medios afiliados, del mismo modo generar incidencia pol\u00edtica, social y cultural a trav\u00e9s del intercambio de saberes y el desarrollo de una comunicaci\u00f3n popular alternativa y educativa que contribuya a la creaci\u00f3n de una nueva sociedad ecuatoriana.<\/p>\n<p>[\/vc_column_text][\/vc_tta_section][vc_tta_section title=\u00bbMISI\u00d3N Y VISI\u00d3N\u00bb tab_id=\u00bb1643827634088-0d387941-485f\u00bb][vc_row_inner][vc_column_inner width=\u00bb1\/3&#8243;][vc_single_image image=\u00bb564&#8243; img_size=\u00bbfull\u00bb][\/vc_column_inner][vc_column_inner width=\u00bb1\/3&#8243;][vc_single_image image=\u00bb565&#8243; img_size=\u00bbfull\u00bb][\/vc_column_inner][vc_column_inner width=\u00bb1\/3&#8243;][vc_single_image image=\u00bb566&#8243; img_size=\u00bbfull\u00bb alignment=\u00bbcenter\u00bb][\/vc_column_inner][\/vc_row_inner][vc_column_text]<\/p>\n<p style=\"text-align: justify;\"><strong>Misi\u00f3n<\/strong><br \/>\nCORAPE es una Red de medios de comunicaci\u00f3n intercultural dedicada a informar, intercambiar saberes y articular procesos de participaci\u00f3n ciudadana.<\/p>\n<p style=\"text-align: justify;\"><strong>Visi\u00f3n<\/strong><br \/>\nPara ser una red l\u00edder e innovadora en comunicaci\u00f3n comunitaria que contribuye al Sumak Kawsay<\/p>\n<p style=\"text-align: justify;\"><strong>Valores<\/strong><br \/>\nCORAPE es una red:<\/p>\n<ul>\n<li style=\"text-align: justify;\">Participativa<\/li>\n<li style=\"text-align: justify;\">Solidaria<\/li>\n<li style=\"text-align: justify;\">Pluralista<\/li>\n<li style=\"text-align: justify;\">Equitativa<\/li>\n<li style=\"text-align: justify;\">Comprometida con la comunidad<\/li>\n<\/ul>\n<p>[\/vc_column_text][\/vc_tta_section][vc_tta_section title=\u00bbOBJETIVOS\u00bb tab_id=\u00bb1643827848709-cae01a33-53fe\u00bb][vc_column_text]<\/p>\n<h3 style=\"text-align: justify;\">Objetivo General<\/h3>\n<ul style=\"text-align: justify;\">\n<li>Democratizar la palabra a trav\u00e9s de la participaci\u00f3n ciudadana en funci\u00f3n a la comunidad que servimos.<\/li>\n<\/ul>\n<h3 style=\"text-align: justify;\">Objetivos Espec\u00edficos<\/h3>\n<ul>\n<li style=\"text-align: justify;\">Apoyar desde el campo de la comunicaci\u00f3n alternativa, educativa, ciudadana y participativa a la construcci\u00f3n de una nueva sociedad.<\/li>\n<li style=\"text-align: justify;\">Promover y defender solidariamente los intereses de las afiliadas ante las diferentes instancias sociales y legales.<\/li>\n<li style=\"text-align: justify;\">Generar y fortalecer espacios sin\u00e9rgicos que permitan articular criterios, esfuerzos y acciones que posibiliten el desarrollo de la comunicaci\u00f3n alternativa, educativa, ciudadana y participativa.<\/li>\n<\/ul>\n<p>[\/vc_column_text][\/vc_tta_section][vc_tta_section title=\u00bbPRINCIPIOS \u00c9TICOS\u00bb tab_id=\u00bb1643827697873-e25be34a-136d\u00bb][vc_column_text]<\/p>\n<p style=\"text-align: justify;\"><strong>Respeto al Ser Humano en su integralidad<\/strong><\/p>\n<ul style=\"text-align: justify;\">\n<li>Difundiremos noticias que contribuyan al crecimiento personal, intelectual, emocional, f\u00edsico, social, cultural, pol\u00edtico organizacional y econ\u00f3mico de las personas, siempre respetando su ideolog\u00eda y credo.<\/li>\n<li>En todo momento se proteger\u00e1 la dignidad, honra y reputaci\u00f3n de las personas. \u2013 Se buscar\u00e1 construir una sociedad incluyente, respetuosa de la diversidad, con especial atenci\u00f3n a grupos prioritarios para la sociedad Ecuatoriana.<\/li>\n<li>En casos de tragedia la informaci\u00f3n y comunicaci\u00f3n cuidar\u00e1 de las personas, respetar\u00e1 su dolor y siempre se priorizar\u00e1 la ayuda al ser humano antes de la obtenci\u00f3n de la noticia.<\/li>\n<\/ul>\n<p style=\"text-align: justify;\"><strong>Solidaridad comprometida<\/strong><\/p>\n<ul style=\"text-align: justify;\">\n<li>Nos comprometeremos con las causas y luchas sociales que vayan en beneficio de la mayor\u00eda y en ning\u00fan caso apoyaremos la violencia.<\/li>\n<li>Los comunicadores y las comunicadoras que prestan sus servicios a CORAPE cuentan con el respaldo solidario y comprometido de las investigaciones y trabajos period\u00edsticos que realicen en el marco de nuestras solicitudes, este c\u00f3digo deontol\u00f3gico, la Ley de Comunicaci\u00f3n del Ecuador y la Constituci\u00f3n del Ecuador.<\/li>\n<\/ul>\n<p style=\"text-align: justify;\"><strong>Equidad y Pluralismo<\/strong><\/p>\n<ul style=\"text-align: justify;\">\n<li>Buscaremos la verificaci\u00f3n y contrastaci\u00f3n de las noticias que difundimos, a trav\u00e9s de la invitaci\u00f3n a los actores y las actoras que las generan.<\/li>\n<li>Priorizaremos la equidad en todos los sentidos de la informaci\u00f3n, tanto con actores y actoras sociales como en la diversificaci\u00f3n de la informaci\u00f3n.<\/li>\n<li>Buscaremos que la informaci\u00f3n que difundimos tenga relevancia y se genere desde lo local a lo regional y nacional.<\/li>\n<li>El pluralismo debe estar presente en todos los espacios que difundimos, pues respetamos los criterios que las personas se puedan hacer a partir de nuestra informaci\u00f3n.<\/li>\n<\/ul>\n<p style=\"text-align: justify;\"><strong>Comunicaci\u00f3n Comunitaria<\/strong><\/p>\n<ul style=\"text-align: justify;\">\n<li>Buscaremos el bien com\u00fan, la construcci\u00f3n y profundizaci\u00f3n del Sumak Kawsay desde nuestro trabajo period\u00edstico, informativo y comunicacional, siempre respetando las normas \u00e9ticas de la sociedad a la que nos debemos y principios b\u00e1sicos de convivencia, como el de no aprovechar la condici\u00f3n de comunicadores para obtener beneficios personales.<\/li>\n<li>No aceptaremos presiones o favores especiales que afecten nuestra integridad profesional.<\/li>\n<li>Priorizaremos la difusi\u00f3n de informaci\u00f3n de relevancia para comunidades sociales, grupos de atenci\u00f3n prioritaria o de inter\u00e9s nacional.<\/li>\n<li>Rectificaremos informaciones que se hayan emitido err\u00f3neamente.<\/li>\n<li>Actuaremos en coherencia y correspondencia con nuestra misi\u00f3n, visi\u00f3n, objetivos y con las normas \u00e9ticas de la sociedad.<\/li>\n<\/ul>\n<ul>\n<li style=\"text-align: justify;\">Generar procesos de incidencia pol\u00edtica, social, cultural.<br \/>\nProponer y apoyar procesos de investigaci\u00f3n en comunicaci\u00f3n alternativa, educativa, ciudadana y participativa.<\/li>\n<\/ul>\n<p>[\/vc_column_text][\/vc_tta_section][\/vc_tta_tour][\/vc_column][vc_column][\/vc_column][vc_column][\/vc_column][\/vc_row]<\/p>\n<\/div>","protected":false},"excerpt":{"rendered":"<p>[vc_row][vc_column][\/vc_column][\/vc_row][vc_row][vc_column][\/vc_column][\/vc_row][vc_row][vc_column][vc_tta_tour][vc_tta_section title=\u00bbQUI\u00c9NES SOMOS\u00bb tab_id=\u00bb1643827253906-21b2baa5-2633&#8243;][vc_column_text] La Coordinadora de Medios Comunitarios Populares y Educativos del Ecuador &#8211; CORAPE, agrupa a m\u00e1s de 100 medios entre afiliados y fraternos con quienes realiza alianzas estrat\u00e9gicas para fortalecer campa\u00f1as y\/o proyectos de comunicaci\u00f3n. Trabaja con programas educativos, informativos, sociales y creativos que le permite llegar a la comunidad de una&hellip;<\/p>\n","protected":false},"author":1,"featured_media":0,"parent":0,"menu_order":0,"comment_status":"closed","ping_status":"closed","template":"elementor_theme","meta":{"footnotes":""},"class_list":["post-127","page","type-page","status-publish","hentry","description-off"],"_links":{"self":[{"href":"https:\/\/organizacion.corape.org.ec\/index.php\/wp-json\/wp\/v2\/pages\/127","targetHints":{"allow":["GET"]}}],"collection":[{"href":"https:\/\/organizacion.corape.org.ec\/index.php\/wp-json\/wp\/v2\/pages"}],"about":[{"href":"https:\/\/organizacion.corape.org.ec\/index.php\/wp-json\/wp\/v2\/types\/page"}],"author":[{"embeddable":true,"href":"https:\/\/organizacion.corape.org.ec\/index.php\/wp-json\/wp\/v2\/users\/1"}],"replies":[{"embeddable":true,"href":"https:\/\/organizacion.corape.org.ec\/index.php\/wp-json\/wp\/v2\/comments?post=127"}],"version-history":[{"count":33,"href":"https:\/\/organizacion.corape.org.ec\/index.php\/wp-json\/wp\/v2\/pages\/127\/revisions"}],"predecessor-version":[{"id":1325,"href":"https:\/\/organizacion.corape.org.ec\/index.php\/wp-json\/wp\/v2\/pages\/127\/revisions\/1325"}],"wp:attachment":[{"href":"https:\/\/organizacion.corape.org.ec\/index.php\/wp-json\/wp\/v2\/media?parent=127"}],"curies":[{"name":"wp","href":"https:\/\/api.w.org\/{rel}","templated":true}]}}

Quiénes Somos

<div class="wpb-content-wrapper"><p>[vc_row][vc_column]<div class="ult-spacer spacer-69f3f59bd89bb" data-id="69f3f59bd89bb" data-height="100" data-height-mobile="100" data-height-tab="100" data-height-tab-portrait="" data-height-mobile-landscape="" style="clear:both;display:block;"></div>[/vc_column][/vc_row][vc_row][vc_column]<div class="dt-fancy-separator h2-size title-color" style="width: 100%;"><div class="dt-fancy-title"><span class="separator-holder separator-left"></span>Quiénes Somos<span class="separator-holder separator-right"></span></div></div>[/vc_column][/vc_row][vc_row][vc_column][vc_tta_tour][vc_tta_section title=»QUIÉNES SOMOS» tab_id=»1643827253906-21b2baa5-2633&#8243;][vc_column_text]</p>
<p style="text-align: justify;">La Coordinadora de Medios Comunitarios Populares y Educativos del Ecuador &#8211; CORAPE, agrupa a más de 100 medios entre afiliados y fraternos con quienes realiza alianzas estratégicas para fortalecer campañas y/o proyectos de comunicación.</p>
<p style="text-align: justify;">Trabaja con programas educativos, informativos, sociales y creativos que le permite llegar a la comunidad de una manera cotidiana, familiar y con gran credibilidad, al priorizar temas de interés para la ciudadanía. Utiliza herramientas y formatos comunicacionales como cuñas, jingles, microprogramas, radio novelas, etc., que son visibilizadas en los distintos medios comunicación, en diversos idiomas, de pueblos y nacionalidades.</p>
<p>[/vc_column_text][/vc_tta_section][vc_tta_section title=»HISTORIA» tab_id=»1643827253919-9e9a4fbe-c363&#8243;][vc_row_inner][vc_column_inner width=»1/3&#8243;][vc_single_image image=»560&#8243; img_size=»full»][/vc_column_inner][vc_column_inner width=»1/3&#8243;][vc_single_image image=»561&#8243; img_size=»full»][/vc_column_inner][vc_column_inner width=»1/3&#8243;][vc_single_image image=»562&#8243; img_size=»full»][/vc_column_inner][/vc_row_inner][vc_column_text]</p>
<p style="text-align: justify;">La Coordinadora de Radio Popular Educativa del Ecuador (CORAPE), se establece de hecho el 4 de enero de 1990. Reconocida por el Ministerio de Educación y Cultura a través del Decreto Ministerial N° 1596 del 16 de abril de 1992, publicado en el Registro Oficial No 927 de 4 de mayo de 1992.</p>
<p style="text-align: justify;">CORAPE integra el concepto de “medios de comunicación” como todas las herramientas, mecanismos o instrumentos que permiten transmitir información de manera colectiva. Es decir, engloba a medios audiovisuales, radiofónicos, impresos y digitales. En este sentido, cambia su denominación a Coordinadora de Medios Comunitarios, Populares y Educativos del Ecuador, ampliando de manera formal su campo de acción hacia una integralidad de medios de comunicación comunitaria y no solo en torno a las radios comunitarias.</p>
<p style="text-align: justify;">CORAPE desarrolla sus actividades centradas en la construcción y el fortalecimiento de medios de comunicación alternativos, populares, ciudadanos, comunitarios a través de un eje estratégico el trabajo en Red, que le permite fortalecer la diversidad en la unidad.</p>
<p style="text-align: justify;">Agrupa a medios de comunicación y centros de producción comunitarios directamente vinculados a procesos de desarrollo social a nivel nacional. Cuenta con más de 100 medios entre afiliados y fraternos con quienes realiza alianzas estratégicas para fortalecer campañas y/o proyectos de comunicación.</p>
<p style="text-align: justify;">La Coordinadora se ha mantenido como referente comunicativo a la hora de defender el pleno ejercicio de los derechos que promueven el acceso a información de relevancia pública, promoviendo la democratización de la palabra y la promoción de la participación con el fin de fortalecer los espacios comunicativos de los medios afiliados, del mismo modo generar incidencia política, social y cultural a través del intercambio de saberes y el desarrollo de una comunicación popular alternativa y educativa que contribuya a la creación de una nueva sociedad ecuatoriana.</p>
<p>[/vc_column_text][/vc_tta_section][vc_tta_section title=»MISIÓN Y VISIÓN» tab_id=»1643827634088-0d387941-485f»][vc_row_inner][vc_column_inner width=»1/3&#8243;][vc_single_image image=»564&#8243; img_size=»full»][/vc_column_inner][vc_column_inner width=»1/3&#8243;][vc_single_image image=»565&#8243; img_size=»full»][/vc_column_inner][vc_column_inner width=»1/3&#8243;][vc_single_image image=»566&#8243; img_size=»full» alignment=»center»][/vc_column_inner][/vc_row_inner][vc_column_text]</p>
<p style="text-align: justify;"><strong>Misión</strong><br />
CORAPE es una Red de medios de comunicación intercultural dedicada a informar, intercambiar saberes y articular procesos de participación ciudadana.</p>
<p style="text-align: justify;"><strong>Visión</strong><br />
Para ser una red líder e innovadora en comunicación comunitaria que contribuye al Sumak Kawsay</p>
<p style="text-align: justify;"><strong>Valores</strong><br />
CORAPE es una red:</p>
<ul>
<li style="text-align: justify;">Participativa</li>
<li style="text-align: justify;">Solidaria</li>
<li style="text-align: justify;">Pluralista</li>
<li style="text-align: justify;">Equitativa</li>
<li style="text-align: justify;">Comprometida con la comunidad</li>
</ul>
<p>[/vc_column_text][/vc_tta_section][vc_tta_section title=»OBJETIVOS» tab_id=»1643827848709-cae01a33-53fe»][vc_column_text]</p>
<h3 style="text-align: justify;">Objetivo General</h3>
<ul style="text-align: justify;">
<li>Democratizar la palabra a través de la participación ciudadana en función a la comunidad que servimos.</li>
</ul>
<h3 style="text-align: justify;">Objetivos Específicos</h3>
<ul>
<li style="text-align: justify;">Apoyar desde el campo de la comunicación alternativa, educativa, ciudadana y participativa a la construcción de una nueva sociedad.</li>
<li style="text-align: justify;">Promover y defender solidariamente los intereses de las afiliadas ante las diferentes instancias sociales y legales.</li>
<li style="text-align: justify;">Generar y fortalecer espacios sinérgicos que permitan articular criterios, esfuerzos y acciones que posibiliten el desarrollo de la comunicación alternativa, educativa, ciudadana y participativa.</li>
</ul>
<p>[/vc_column_text][/vc_tta_section][vc_tta_section title=»PRINCIPIOS ÉTICOS» tab_id=»1643827697873-e25be34a-136d»][vc_column_text]</p>
<p style="text-align: justify;"><strong>Respeto al Ser Humano en su integralidad</strong></p>
<ul style="text-align: justify;">
<li>Difundiremos noticias que contribuyan al crecimiento personal, intelectual, emocional, físico, social, cultural, político organizacional y económico de las personas, siempre respetando su ideología y credo.</li>
<li>En todo momento se protegerá la dignidad, honra y reputación de las personas. – Se buscará construir una sociedad incluyente, respetuosa de la diversidad, con especial atención a grupos prioritarios para la sociedad Ecuatoriana.</li>
<li>En casos de tragedia la información y comunicación cuidará de las personas, respetará su dolor y siempre se priorizará la ayuda al ser humano antes de la obtención de la noticia.</li>
</ul>
<p style="text-align: justify;"><strong>Solidaridad comprometida</strong></p>
<ul style="text-align: justify;">
<li>Nos comprometeremos con las causas y luchas sociales que vayan en beneficio de la mayoría y en ningún caso apoyaremos la violencia.</li>
<li>Los comunicadores y las comunicadoras que prestan sus servicios a CORAPE cuentan con el respaldo solidario y comprometido de las investigaciones y trabajos periodísticos que realicen en el marco de nuestras solicitudes, este código deontológico, la Ley de Comunicación del Ecuador y la Constitución del Ecuador.</li>
</ul>
<p style="text-align: justify;"><strong>Equidad y Pluralismo</strong></p>
<ul style="text-align: justify;">
<li>Buscaremos la verificación y contrastación de las noticias que difundimos, a través de la invitación a los actores y las actoras que las generan.</li>
<li>Priorizaremos la equidad en todos los sentidos de la información, tanto con actores y actoras sociales como en la diversificación de la información.</li>
<li>Buscaremos que la información que difundimos tenga relevancia y se genere desde lo local a lo regional y nacional.</li>
<li>El pluralismo debe estar presente en todos los espacios que difundimos, pues respetamos los criterios que las personas se puedan hacer a partir de nuestra información.</li>
</ul>
<p style="text-align: justify;"><strong>Comunicación Comunitaria</strong></p>
<ul style="text-align: justify;">
<li>Buscaremos el bien común, la construcción y profundización del Sumak Kawsay desde nuestro trabajo periodístico, informativo y comunicacional, siempre respetando las normas éticas de la sociedad a la que nos debemos y principios básicos de convivencia, como el de no aprovechar la condición de comunicadores para obtener beneficios personales.</li>
<li>No aceptaremos presiones o favores especiales que afecten nuestra integridad profesional.</li>
<li>Priorizaremos la difusión de información de relevancia para comunidades sociales, grupos de atención prioritaria o de interés nacional.</li>
<li>Rectificaremos informaciones que se hayan emitido erróneamente.</li>
<li>Actuaremos en coherencia y correspondencia con nuestra misión, visión, objetivos y con las normas éticas de la sociedad.</li>
</ul>
<ul>
<li style="text-align: justify;">Generar procesos de incidencia política, social, cultural.<br />
Proponer y apoyar procesos de investigación en comunicación alternativa, educativa, ciudadana y participativa.</li>
</ul>
<p>[/vc_column_text][/vc_tta_section][/vc_tta_tour][/vc_column][vc_column][/vc_column][vc_column][/vc_column][/vc_row]</p>
</div>

<p>[vc_row][vc_column][/vc_column][/vc_row][vc_row][vc_column][/vc_column][/vc_row][vc_row][vc_column][vc_tta_tour][vc_tta_section title=»QUIÉNES SOMOS» tab_id=»1643827253906-21b2baa5-2633&#8243;][vc_column_text] La Coordinadora de Medios Comunitarios Populares y Educativos del Ecuador &#8211; CORAPE, agrupa a más de 100 medios entre afiliados y fraternos con quienes realiza alianzas estratégicas para fortalecer campañas y/o proyectos de comunicación. Trabaja con programas educativos, informativos, sociales y creativos que le permite llegar a la comunidad de una&hellip;</p>
